 = -3*h. What is the hundreds digit of s?
1
What is the units digit of ((3 - (-6845)/(-25)) + 2 + -2)*-70?
6
Let d = 2033 - 1007. Suppose -5*q = -2*s - 1038 + 14, 5*q - 3*s = d. Suppose 4*w = 8*w - q. What is the units digit of w?
1
What is the units digit of ((-631980)/(-42))/((-325)/(-910))?
2
Suppose 0 = 4*u + 4*p + 489 + 115, u = 2*p - 163. Let q = 172 - u. What is the units digit of q?
7
What is the hundreds digit of 22520/(-6)*(2448/(-120) - -18)?
0
Suppose -2*t - t + 9 = 3*s, -3*s - t = -7. Suppose 5*o + 523 = s*j, -9*o + 12 = -5*o. What is the hundreds digit of j?
2
Let w = -159 + 191. Suppose -22*h + w*h = 3480. What is the tens digit of h?
4
Let n = -780 + 795. Suppose 3*h - 411 = 3*i, 0 = -5*i + 3*h - 888 + 209. Let g = n - i. What is the hundreds digit of g?
1
Suppose 0 = 5*l - y - 11 - 4, l + 3*y + 13 = 0. Suppose -1155 = -l*k + 1721. What is the hundreds digit of k?
4
Let s(g) = 334*g**2 - 16*g - 228. Let z be s(-9). Suppose 32*y - 31686 = z. What is the tens digit of y?
3
Suppose 4*n = 2*b - 642, -5*b + 2*n = -n - 1570. Let f = 121 + b. What is the hundreds digit of f?
4
Let q = 125331 + -86573. What is the hundreds digit of q?
7
Let i = -15416 + 25745. What is the hundreds digit of i?
3
What is the thousands digit of -7 + (-25)/(175/(-69454))?
9
Let x(h) be the second derivative of 19*h + 47/2*h**2 + 0 - 1/2*h**3. What is the tens digit of x(0)?
4
Suppose f + 77 - 82 = 0. Let w = 5 - 1. Suppose 145 = h + f*r, -5*h - w*r + 7*r + 725 = 0. What is the tens digit of h?
4
Let r be -4*(-2)/2 - 6. Let y(l) = 253*l**2 - l - 2. What is the hundreds digit of y(r)?
0
Suppose -t - 4*x = -64902, -t - 2078*x = -2077*x - 64899. What is the thousands digit of t?
4
Suppose 2*w - 8*w + 550324 = 11*w. What is the thousands digit of w?
2
Suppose -77*n + 68*n = -170307. What is the ten thousands digit of n?
1
Suppose 4*z - 28 = -2*o, 2*z + 4 = 14. Suppose -a + 133 + 215 = 0. Suppose -3*i = -3*f - a + 105, o*i = 5*f + 328. What is the units digit of i?
7
Let g = 4481 - -3057. What is the hundreds digit of g?
5
Let m = -25100 - -52230. What is the tens digit of m?
3
Let f = -85 + 92. Let y be (4/10)/(f/(-1295)). Let k = y + 85. What is the units digit of k?
1
Let v(m) = -2*m**3 - 3*m**2 + 6*m. Let c be v(2). What is the units digit of c/(-40)*2110 + 2 + -5?
1
Suppose 0*k + 2*k - 4*t = -46, 3*k + 3*t = -24. Let m = k + 16. Suppose -5*f + 0*r = -m*r - 14, 4*f - 5*r - 19 = 0. What is the units digit of f?
1
Let l(n) = 167*n**2 + 924*n + 7. What is the tens digit of l(-10)?
6
Let s(b) = b**3 + 7*b**2 - 15*b + 25. Let k be s(-9). What is the hundreds digit of 5/((-200)/(-6944)) - k/5?
1
Let c be (-14)/10 - -1 - (-202)/5. Let r = 149 - c. What is the tens digit of r?
0
Suppose -8*j = -11*j + 33. Let b = j + -8. Suppose b*y = -3*y + 432. What is the units digit of y?
2
Let q(p) = 523*p + 12014. What is the tens digit of q(0)?
1
Let x = -221 - -116. Let y = 190 - x. What is the hundreds digit of y?
2
Suppose -3*k - 16 = -2*s, -4*k + 2*s - 13 = 7. What is the units digit of (95 - -5) + k + 5?
1
Suppose -346493 - 403250 = -18*x - 213361. What is the units digit of x?
9
Let p be 24/5 + 1 + 12/(-15). Suppose -3*q - 4*a = -1190, 9*q - 4*q - p*a - 1925 = 0. What is the units digit of q?
0
Suppose -4*o - 3*i = 40, 3*o + 4*i = o - 30. Let l(w) = -4*w - 24. What is the units digit of l(o)?
4
Suppose 195*x - 188*x = -7875. What is the hundreds digit of (-3)/(-18)*16*x/(-10)?
3
Let n(y) = y**3 - 3*y**2 + 4*y - 11. Let w(i) = 16*i - 2 + 1 + 9*i + 0 - 4*i**2. Let c be w(6). What is the tens digit of n(c)?
5
Suppose -27*i + 6567 = -18504 + 4092. What is the units digit of i?
7
Suppose -161 = 5*r - 546. Let g be r/21 + 4/(-6) + 460. Suppose -5*i - g = -3*a, 5*a - 7*i - 797 = -5*i. What is the units digit of a?
1
Let r = -1833 + 2155. Let i = -53 + 223. Suppose 4*j - r - i = 0. What is the units digit of j?
3
Let c be 10/(1 - 1295/1290). Let r be (19 + -1)/(-3 + c/(-856)). What is the tens digit of r/68 + (-2)/(-17)?
1
Let t(n) = 0*n - n**2 + 1 + n + n**3 + 6*n**3. Let z be t(1). What is the units digit of 3/(-24) + 617/z?
7
Suppose -4*a + 29 = 9. Let v(w) = 175*w + 230. What is the tens digit of v(a)?
0
Let j(c) = 329*c**2 - 12*c - 92. What is the hundreds digit of j(-3)?
9
Let t(a) = -2*a**3 - 31*a**2 + 94*a + 98. What is the thousands digit of t(-25)?
9
Let p(q) = -q**2 - 18*q + 18. Let g(s) = -s + 9. Let b be g(5). Suppose 0 = -3*r + 2*j - 51, 4*j + 63 = -b*r + 5*j. What is the units digit of p(r)?
3
Suppose 2*z - o - 151711 = 0, 74*z - 79*z + 4*o = -379273. What is the ten thousands digit of z?
7
Let i(z) = 178*z**2 - 15*z + 30. Let w(b) = -b**2 + 12*b + 30. Let c be w(14). What is the units digit of i(c)?
2
Suppose 2*o - 3789 - 42991 = 4*s, 3*s = 6. What is the hundreds digit of o?
3
Let g = 63 + -59. Suppose g*y + 8*u - 3*u = -1, -4 = -2*y - 4*u. What is the tens digit of (-14)/(-2)*(-7)/(7/y)?
2
What is the tens digit of (1 + 1)*(-472)/(-7 + 6)?
4
Suppose -113*q - 72372 = -117*q + 4*l, 18085 = q + l. What is the tens digit of q?
8
Let j(m) = -5*m - 6. Let x be j(-2). Suppose 0 = x*f - 270 - 86. What is the tens digit of f?
8
Let i(m) = 7*m**2 - 45*m - 75. What is the tens digit of i(33)?
6
Let z = 7 - 3. Suppose 138*h - 362 = -43*h. Suppose -h*f = -c - 4*f + 86, 4*c - z*f = 356. What is the units digit of c?
8
Suppose 3*c - c = -10. Let o(h) be the first derivative of h**3/3 - 3*h**2/2 + 5*h + 346. What is the tens digit of o(c)?
4
Let t(q) = -q**2 + 6*q + 30. Let k be t(-3). What is the units digit of (-33 + 35)*(k - 2 - -106)?
4
Suppose -40 + 156 = -4*s. What is the units digit of s/(((-20)/24)/5)?
4
Let g(r) = 4*r**3 + 337*r**2 + 173*r + 125. What is the tens digit of g(-83)?
1
Let a = 53 + -50. Suppose 0 = -a*j - 4*l + 7 + 3, -j = -l + 6. What is the hundreds digit of j*(-1)/2 - (-107 + 1)?
1
Let t be 5 + (3 - 13) + 1199. Let c = t + -484. What is the tens digit of c?
1
Let w(y) = 14*y - 28. Let v be w(5). Let m be ((-32)/(-6))/((-35)/v + 1). What is the units digit of (-970)/(-8) - (6 + (-216)/m)?
2
Let z(x) = 4*x**2 + 3*x - 2. Let y be 5/(1*0/(-1) - 1). What is the tens digit of z(y)?
8
Let o(n) = 5833*n**2 + 30*n - 41. What is the thousands digit of o(2)?
3
Suppose -t + 10 = 4*v, 5*v - v = t + 14. Suppose v*l + 4*w = 253, -2*l + 354 = 2*l - 3*w. Suppose -l = -a + 4. What is the units digit of a?
1
Let j = -318 + 320. Suppose 3105 = 7*r + j*r. What is the hundreds digit of r?
3
Suppose 4*u - 5*s = -3*s + 556, 3*u + 2*s - 431 = 0. Suppose 0 = 2*k + k - u. Let o = 190 - k. What is the tens digit of o?
4
Suppose -77003 - 552843 = -98*d. What is the units digit of d?
7
Suppose 73*w - 4 = 72*w. Suppose -7 = -2*d - 3*a, d - 5*a = w*d - 13. What is the tens digit of (-340)/4*(d + 3)?
8
Let t = -296 - -189. Let g = t + 0. Let m = 11 - g. What is the tens digit of m?
1
Let z = 69364 + -5025. What is the units digit of z?
9
Suppose -2*t + 3*m + 97 = 27, 0 = -t + 4*m + 40. Let g = t + -30. Let v(u) = 7*u**3 - u**2 + 4*u - 3. What is the units digit of v(g)?
7
Let i(y) = -y**2 - 21*y + 53. Let t be i(-23). Suppose t*s - 2748 - 703 = 0. What is the tens digit of s?
9
Let j(s) = 2*s - 14. Let z(r) = -3*r + 44. Let p(l) = 11*j(l) + 4*z(l). Let q be (14/8)/((-2)/(-8)). What is the units digit of p(q)?
2
Suppose 545*s = 97*s + 5235502 + 3658642. What is the tens digit of s?
5
Suppose v - 5*l + 1909 = -2*v, v + 663 = -5*l. Let j = v - -1017. What is the tens digit of j?
7
Suppose 6*q + 44 = 14. Let c = -3 - q. Suppose -6*r + c*r = -4. What is the units digit of r?
1
Let h(c) be the third derivative of -c**5/60 + 5*c**4/24 + 29*c**3/2 - 3*c**2 - c. What is the tens digit of h(0)?
8
Let l(i) = 1446*i - 832. What is the units digit of l(28)?
6
Let x be (220/66)/((-4)/(-6750)). Suppose 45*n - 36*n = x. What is the tens digit of n?
2
Let u(y) = 2*y**2 + 3*y - 2. Let t be u(1). Let h(n) = -3*n**2 + 7*n - 2. Let i be h(t). What is the units digit of (i/6 - (-14)/7)*12?
8
Suppose -3*x - x = -2*t - 1146, -4*x - t = -1143. Let k = -185 + x. What is the tens digit of k?
0
Let j(h) = -2*h**2 - 9*h - 6. Let y be j(-3). Suppose -x = 3*r, -3*r = -y*x - x. Suppose 7*l - 176 - 41 = r. What is the tens digit of l?
3
Let i(s) = s**3 + 10*s**2 + 18*s + 1. Let r be i(-8). Let j be r/35 + 85/35